actors of 3 - -9*(-4)/j - -46?
43
Suppose 0 = -5*d - 4*p + 71561, -2242*d + 3*p + 14297 = -2241*d. List the prime factors of d.
41, 349
Suppose -247*j + 225*j + 162954 = 0. List the prime factors of j.
3, 823
Let j = 175 + -136. Suppose -7*t + j = -3. What are the prime factors of t?
2, 3
Suppose 361*h = 459*h - 1999592. What are the prime factors of h?
2, 5101
What are the prime factors of ((-1194741)/18 + 12)*(-4)/10?
5, 5309
Let i(o) = 44*o + 1592. List the prime factors of i(23).
2, 3, 7, 31
Let c = -12 + 17. Suppose 5*s - 20 = 3*j, 3*s - s = -c*j + 8. Suppose 2*w - s*w = 3*u - 198, 0 = w + 5*u - 99. What are the prime factors of w?
3, 11
Suppose -2*x = -5*x + d + 366, 0 = 2*x + 5*d - 227. Suppose -114*b - 1722 = -x*b. What are the prime factors of b?
2, 3, 41
Let q = 150 - 146. Suppose 0 = -2*n - 6, 0 = q*x - 5*n + 80 - 1447. What are the prime factors of x?
2, 13
Suppose -3*o + 2*j = 30, 0*o - 3*o - j - 30 = 0. Let l = o - -2. Let p(m) = -7*m - 33. List the prime factors of p(l).
23
What are the prime factors of 39596 - (-56)/(-48)*-6?
3, 43, 307
Let d be (-10)/3*7/(42/(-9)). Suppose 0 = d*b - 5*z + 5, 4*b - 3*z - 2 = -1. Let l = b - -17. What are the prime factors of l?
3, 7
Suppose -4*x + 476 = 2*n, 3*x + 660 = 4*n - 270. Let p = 526 - n. List the prime factors of p.
2, 73
Suppose -5*w - 3*u = -5, -2*w + u + 4*u + 33 = 0. Suppose 10*c = w*c + 8472. List the prime factors of c.
2, 353
Suppose 67*f = 21*f + 999396. List the prime factors of f.
2, 3, 17, 71
Let b(y) = y**2 - 5*y + 29*y - 8*y + 28. Let z be b(-14). Suppose 2*v - 630 + 122 = z. What are the prime factors of v?
2, 127
Suppose -145*z = -93*z - 1235260. List the prime factors of z.
5, 4751
Let m = 548 + 1135. What are the prime factors of m?
3, 11, 17
Suppose -18*x = -24*x + 36816. List the prime factors of x.
2, 13, 59
Let v(p) = p**2 + 9*p + 8. Let f be v(-7). Let c(a) = -a**3 + 8*a**2 + a + 36. List the prime factors of c(f).
2, 3, 89
Let z = -446 - -534. List the prime factors of (2508/44)/(-1 - (-94)/z).
2, 11, 19
Suppose -8*f + 630 = -10*f. Suppose -37 = -32*x + 283. List the prime factors of (-2 - f/x)*(4 - 0).
2, 59
Suppose 4*a - 12 = -3*p + 33, -2*p + 3*a + 13 = 0. Let j(v) = -4 + p*v - 10 + 1 - 10*v. List the prime factors of j(18).
5
Let j(n) = 4*n**2 - 13*n + 6. Let c be (-2)/9 - 1194/(-27). Let p be c/66*42/4. List the prime factors of j(p).
3, 37
Let d(x) = 3*x + 26. Let m be d(7). Let y = m - 51. What are the prime factors of 8*(2 + (-9)/y)?
2, 17
Let w(m) = -17*m - 24*m - 69 + 24*m. What are the prime factors of w(-23)?
2, 7, 23
Suppose 590*q - 9186472 = 4837828. List the prime factors of q.
2, 5, 2377
Suppose -19 - 29 = -q. Let t be (-3)/(q/(-3880)*(-10)/(-16)). Let l = t - 261. List the prime factors of l.
127
What are the prime factors of 112/728 - (326883/13)/(-1)?
5, 47, 107
Suppose -68*g = 8*g - 1706124. What are the prime factors of g?
3, 7, 1069
Let m = 4466 + 2046. What are the prime factors of m?
2, 11, 37
Let c = -547 + 31490. What are the prime factors of c?
11, 29, 97
Suppose -w = -2*w - 2*s + 2166, 3*s + 8719 = 4*w. Suppose -w - 5447 = -11*k. Suppose 2*m - 257 = 4*z - 1187, -3*m + k = 3*z. What are the prime factors of z?
2, 29
Let f(v) = 19*v**2 + 5*v - 11. Let c(n) = -8*n - 13. Let u be c(-2). Suppose 52 = u*h + 46. What are the prime factors of f(h)?
3, 5
Suppose 0 = -8*x + 3*y + 6398 + 305, 3339 = 4*x + y. What are the prime factors of x?
2, 11, 19
List the prime factors of 5071 - (-7 - (-24)/6).
2, 43, 59
Let l = 8087 - 5554. List the prime factors of l.
17, 149
Let g be 30/(-255) + (-10984)/(-17). Let z = -196 - -396. Suppose -6*y + z = -g. What are the prime factors of y?
3, 47
Suppose -432*b + 6949864 = -79*b. List the prime factors of b.
2, 23, 107
Let x = -135 + 141. Suppose 2*p - 782 = 4*j - x*j, 2*p - 1958 = -5*j. Suppose -4*c = -4*f + j, -3*f + 2*c + 82 = -211. What are the prime factors of f?
97
Let t(r) = 967*r + 16027. What are the prime factors of t(-10)?
3, 13, 163
Let a be (-4)/(-14) - 2/(70/1725). Let f = a + 49. Suppose f*m - 5*m = 25, 0 = 5*q + 3*m - 520. List the prime factors of q.
107
List the prime factors of (-50)/225 - 157870/(-45).
2, 877
Let k = 1541 - -2440. What are the prime factors of k?
3, 1327
Let g(x) = -x**3 + 34*x**2 - 32*x + 11. Suppose -17*v + 41 = -520. What are the prime factors of g(v)?
2, 11
Let f = 45 - 44. Let v(n) = 8*n - 2. Let q be v(f). List the prime factors of (-11)/(-66) + 1175/q + -1.
3, 5, 13
Suppose 0*s = -s + 3*h, -3*s - h = 0. Suppose -3*o - 3*b + 51 = s, o - 23 = -2*b + 4*b. Suppose -o*l + 23*l - 204 = 0. What are the prime factors of l?
3, 17
Let f(t) = 179*t**3 + t**2 + 7*t - 8. Let k be f(2). Suppose 2*n - 1442 = 5*z, -2*n + z + k = -0*n. What are the prime factors of n?
7, 103
Suppose -q + 6168 + 20717 = -3*f, -134477 = -5*q + 2*f. What are the prime factors of q?
13, 2069
Let j = -12263 + 27570. List the prime factors of j.
15307
Let t = -801 - -804. Suppose t*i = 3*z - 3999, i - 6641 = -5*z - 2*i. List the prime factors of z.
2, 5, 7, 19
What are the prime factors of 5/(-2) + (-3)/(-2) + 9870?
71, 139
Let n(a) = a**3 - 5*a**2 - 9*a - 6. Let p = 17 - 10. Let j be n(p). Let d = j + 48. List the prime factors of d.
7, 11
Let f = -35 + 38. Let y = f - 73. Let i = -38 - y. What are the prime factors of i?
2
Let a(m) = -3*m - 18. Let j be a(0). What are the prime factors of 943 - (-30)/(j/3)?
2, 7, 67
What are the prime factors of -5 - (-2)/((-11650)/1665 + 7)?
661
Let t(p) = -300*p + 30. Let o be t(-5). Suppose -5*r = -5*b - 1530, 15*r - 4*b = 20*r - o. List the prime factors of r.
2, 3, 17
List the prime factors of -7 - (1 + -2)*(67 - -22)*229.
2, 61, 167
Let r(t) = t**3 - 4*t**2 + 2*t + 5. Let a be ((-5)/3 - -2)*(0 - -24). List the prime factors of r(a).
277
Let b(d) = 1. Let h(p) = 374*p**2 - p - 1. Let l(m) = b(m) + h(m). Let f be l(1). Let w = f + -224. What are the prime factors of w?
149
Let u = 608 + -597. Let q = -3 - -6. Suppose 2*v - 1 = -q*o - 8, v + 3*o + u = 0. What are the prime factors of v?
2
Let r(o) = 102*o + 1555. List the prime factors of r(56).
13, 43
Suppose -9*y - 179 + 323 = 0. What are the prime factors of (y - 12) + 11/(33/342)?
2, 59
Let w be 154/(-49) - -3 - (-128)/14. Let s(u) = 12*u - 109. Let n(b) = -4*b + 36. Let z(h) = -8*n(h) - 3*s(h). List the prime factors of z(w).
3
Suppose 93*v = 87*v - 18. List the prime factors of v/(2/((-12082)/21)).
863
Let f = 221 - 189. Suppose 0 = r - 2*p - 14, -r - 3*p = 1 + 10. Suppose -120 + f = -r*y. List the prime factors of y.
2, 11
Suppose -2*j + 5*y = -35, 87 - 62 = 2*j - 3*y. Suppose 15 = -j*d, -d + 250 = 5*s - 6*d. List the prime factors of s.
47
Let f(l) = -21*l - 9. Suppose 2*r + 38 = 4. What are the prime factors of f(r)?
2, 3, 29
Suppose 2*o = -b - 46, -o + 40 = -b + 3*o. Let i = -48 - b. List the prime factors of (i/(-6))/((-2)/(-6)).
2
Let n(t) = 32*t**2 + 8*t - 7. Suppose -2*c + 12 = -4*i, 3 = 5*c + 3*i - 1. What are the prime factors of n(c)?
137
Suppose -62*r + 338*r = 3680510 + 1660366. What are the prime factors of r?
37, 523
Let s(h) = -34*h**3 - 10*h**2 - 210*h + 6. What are the prime factors of s(-9)?
2, 3, 7, 11
List the prime factors of 3/(9/9071)*3306/551.
2, 47, 193
Let f(k) = -k - 1. Let o be f(14). What are the prime factors of (72/o + 4)/(4/(-1910))?
2, 191
List the prime factors of 20 + 1212/(-60) + (-2)/10*-44066.
7, 1259
Let o = -894 + 610. Let v = o + 438. List the prime factors of v.
2, 7, 11
Let w be 8/((-128)/(-1932)) + (-9)/(-36). Suppose -4*x + 2*c = -58, -5*x - 2*c + 68 = -0*c. Let m = w + x. List the prime factors of m.
3, 5
Suppose -6*z = -2*z - 40. Let d be ((-30)/75)/((-4)/z). List the prime factors of (((-36)/14)/d)/(42/(-196)).
2, 3
Let k(b) = 4*b**2 - 3*b - 24. Let a be k(-5). What are the prime factors of 40 + 7 + a/(-7)?
2, 17
Let t(d) = 106*d - 34*d - 49*d - 58*d + 5. What are the prime factors of t(-14)?
3, 5, 11
Let i = 29123 - 18213. List the prime factors of i.
2, 5, 1091
Let i(a) = 42*a + 28. Let f be i(4). Let w = f - 87. Let u = 189 - w. What are the prime factors of u?
2, 5
Let r = 23230 - 16138. What are the prime factors of r?
2, 3, 197
Suppose -6*n + 120640 = -2*l, -17632 = 2*n - 3*l - 57843. What are the prime factors of n?
20107
Suppose 7*w + 645880 = -23*w 